{"id":2988,"date":"2018-01-09T10:48:07","date_gmt":"2018-01-09T16:48:07","guid":{"rendered":"http:\/\/www.amte.org.mx\/portal\/?page_id=2988"},"modified":"2021-02-09T12:56:01","modified_gmt":"2021-02-09T18:56:01","slug":"capacitacion","status":"publish","type":"page","link":"https:\/\/www.amte.org.mx\/portal\/capacitacion\/","title":{"rendered":"Capacitaci\u00f3n"},"content":{"rendered":"\t\t<div data-elementor-type=\"wp-post\" data-elementor-id=\"2988\" class=\"elementor elementor-2988\">\n\t\t\t\t\t\t<section class=\"elementor-section elementor-top-section elementor-element elementor-element-dfa0da0 elementor-section-boxed elementor-section-height-default elementor-section-height-default\" data-id=\"dfa0da0\" data-element_type=\"section\" data-e-type=\"section\">\n\t\t\t\t\t\t<div class=\"elementor-container elementor-column-gap-default\">\n\t\t\t\t\t<div class=\"elementor-column elementor-col-100 elementor-top-column elementor-element elementor-element-2ef1b83\" data-id=\"2ef1b83\" data-element_type=\"column\" data-e-type=\"column\">\n\t\t\t<div class=\"elementor-widget-wrap elementor-element-populated\">\n\t\t\t\t\t\t<div class=\"elementor-element elementor-element-a8627df elementor-widget elementor-widget-text-editor\" data-id=\"a8627df\" data-element_type=\"widget\" data-e-type=\"widget\" data-widget_type=\"text-editor.default\">\n\t\t\t\t<div class=\"elementor-widget-container\">\n\t\t\t\t\t\t\t\t\t<p>En la Asociaci\u00f3n Mexicana de Trabajo en Equipo impartimos capacitaci\u00f3n en temas relacionados a la aplicaci\u00f3n de la filosof\u00eda de Trabajo en Equipo, modelos y metodolog\u00edas para la soluci\u00f3n de problemas, enfoque de dise\u00f1o, herramientas estad\u00edsticas.<\/p><p>As\u00ed tambi\u00e9n en los temas relacionados al desarrollo de la estructura administrativa, roles y actividades a desempe\u00f1ar que permiten la existencia, crecimiento y maduraci\u00f3n de los Equipos de Mejora en una organizaci\u00f3n.<\/p><p>La AMTE emite la certificaci\u00f3n para Evaluadores de Equipos de Mejora e Innovaci\u00f3n. Los interesados que cuentan con el conocimiento y <em>expertise<\/em>, pueden acceder directo al proceso de certificaci\u00f3n (ex\u00e1men y realizaci\u00f3n de ejercicios pr\u00e1cticos de evaluaci\u00f3n) o bien, si desean actualizar y afinar sus conocimientos, tenemos 4 diferentes cursos, segmentados por su enfoque de aplicaci\u00f3n con opci\u00f3n igualmente a la\u00a0 certificaci\u00f3n.\u00a0<\/p><p>Si te interesa desarrollar o actualizar tu estructura, a tu coordinaci\u00f3n, a tu staff y l\u00edderes; cont\u00e1ctanos y con gusto te atenderemos.<\/p>\t\t\t\t\t\t\t\t<\/div>\n\t\t\t\t<\/div>\n\t\t\t\t\t<\/div>\n\t\t<\/div>\n\t\t\t\t\t<\/div>\n\t\t<\/section>\n\t\t\t\t<section class=\"elementor-section elementor-top-section elementor-element elementor-element-27ed29b elementor-section-boxed elementor-section-height-default elementor-section-height-default\" data-id=\"27ed29b\" data-element_type=\"section\" data-e-type=\"section\">\n\t\t\t\t\t\t<div class=\"elementor-container elementor-column-gap-default\">\n\t\t\t\t\t<div class=\"elementor-column elementor-col-100 elementor-top-column elementor-element elementor-element-ab81d38\" data-id=\"ab81d38\" data-element_type=\"column\" data-e-type=\"column\">\n\t\t\t<div class=\"elementor-widget-wrap elementor-element-populated\">\n\t\t\t\t\t\t<div class=\"elementor-element elementor-element-697dae9 elementor-widget elementor-widget-heading\" data-id=\"697dae9\" data-element_type=\"widget\" data-e-type=\"widget\" data-widget_type=\"heading.default\">\n\t\t\t\t<div class=\"elementor-widget-container\">\n\t\t\t\t\t<h2 class=\"elementor-heading-title elementor-size-default\">M\u00e1s informaci\u00f3n<\/h2>\t\t\t\t<\/div>\n\t\t\t\t<\/div>\n\t\t\t\t<div class=\"elementor-element elementor-element-e25d5ef elementor-widget elementor-widget-text-editor\" data-id=\"e25d5ef\" data-element_type=\"widget\" data-e-type=\"widget\" data-widget_type=\"text-editor.default\">\n\t\t\t\t<div class=\"elementor-widget-container\">\n\t\t\t\t\t\t\t\t\t<p>\n<div class=\"wpcf7 no-js\" id=\"wpcf7-f1896-o1\" lang=\"es-ES\" dir=\"ltr\" data-wpcf7-id=\"1896\">\n<div class=\"screen-reader-response\"><p role=\"status\" aria-live=\"polite\" aria-atomic=\"true\"><\/p> <ul><\/ul><\/div>\n<form action=\"\/portal\/wp-json\/wp\/v2\/pages\/2988#wpcf7-f1896-o1\" method=\"post\" class=\"wpcf7-form init\" aria-label=\"Formulario de contacto\" novalidate=\"novalidate\" data-status=\"init\">\n<fieldset class=\"hidden-fields-container\"><input type=\"hidden\" name=\"_wpcf7\" value=\"1896\" \/><input type=\"hidden\" name=\"_wpcf7_version\" value=\"6.1.5\" \/><input type=\"hidden\" name=\"_wpcf7_locale\" value=\"es_ES\" \/><input type=\"hidden\" name=\"_wpcf7_unit_tag\" value=\"wpcf7-f1896-o1\" \/><input type=\"hidden\" name=\"_wpcf7_container_post\" value=\"0\" \/><input type=\"hidden\" name=\"_wpcf7_posted_data_hash\" value=\"\" \/>\n<\/fieldset>\n<p><b>Nombre (requerido)<\/b>\n<\/p>\n<p><span class=\"wpcf7-form-control-wrap\" data-name=\"your-name\"><input size=\"40\" maxlength=\"400\" class=\"wpcf7-form-control wpcf7-text wpcf7-validates-as-required\" aria-required=\"true\" aria-invalid=\"false\" value=\"\" type=\"text\" name=\"your-name\" \/><\/span>\n<\/p>\n<p><b>E-mail (requerido)<\/b>\n<\/p>\n<p><span class=\"wpcf7-form-control-wrap\" data-name=\"your-email\"><input size=\"40\" maxlength=\"400\" class=\"wpcf7-form-control wpcf7-email wpcf7-validates-as-required wpcf7-text wpcf7-validates-as-email\" aria-required=\"true\" aria-invalid=\"false\" value=\"\" type=\"email\" name=\"your-email\" \/><\/span>\n<\/p>\n<p><b>Tel\u00e9fono (requerido)<\/b>\n<\/p>\n<p><span class=\"wpcf7-form-control-wrap\" data-name=\"tel-121\"><input size=\"40\" maxlength=\"400\" class=\"wpcf7-form-control wpcf7-tel wpcf7-validates-as-required wpcf7-text wpcf7-validates-as-tel\" aria-required=\"true\" aria-invalid=\"false\" value=\"\" type=\"tel\" name=\"tel-121\" \/><\/span>\n<\/p>\n<p><b>Empresa<\/b>\n<\/p>\n<p><span class=\"wpcf7-form-control-wrap\" data-name=\"text-27\"><input size=\"40\" maxlength=\"400\" class=\"wpcf7-form-control wpcf7-text\" aria-invalid=\"false\" value=\"\" type=\"text\" name=\"text-27\" \/><\/span>\n<\/p>\n<p><b>D\u00e9janos tus preguntas<\/b>\n<\/p>\n<p><span class=\"wpcf7-form-control-wrap\" data-name=\"Dejaunmensaje\"><input size=\"40\" maxlength=\"400\" class=\"wpcf7-form-control wpcf7-text wpcf7-validates-as-required\" aria-required=\"true\" aria-invalid=\"false\" value=\"\" type=\"text\" name=\"Dejaunmensaje\" \/><\/span>\n<\/p>\n<p><input class=\"wpcf7-form-control wpcf7-submit has-spinner\" type=\"submit\" value=\"Enviar\" \/>\n<\/p><p style=\"display: none !important;\" class=\"akismet-fields-container\" data-prefix=\"_wpcf7_ak_\"><label>&#916;<textarea name=\"_wpcf7_ak_hp_textarea\" cols=\"45\" rows=\"8\" maxlength=\"100\"><\/textarea><\/label><input type=\"hidden\" id=\"ak_js_1\" name=\"_wpcf7_ak_js\" value=\"117\"\/><script>\ndocument.getElementById( \"ak_js_1\" ).setAttribute( \"value\", ( new Date() ).getTime() );\n<\/script>\n<\/p><div class=\"wpcf7-response-output\" aria-hidden=\"true\"><\/div>\n<\/form>\n<\/div>\n<\/p>\t\t\t\t\t\t\t\t<\/div>\n\t\t\t\t<\/div>\n\t\t\t\t\t<\/div>\n\t\t<\/div>\n\t\t\t\t\t<\/div>\n\t\t<\/section>\n\t\t\t\t<\/div>\n\t\t","protected":false},"excerpt":{"rendered":"<p>En la Asociaci\u00f3n Mexicana de Trabajo en Equipo impartimos capacitaci\u00f3n en temas relacionados a la aplicaci\u00f3n de la filosof\u00eda de Trabajo en Equipo, modelos y metodolog\u00edas para la soluci\u00f3n de problemas, enfoque de dise\u00f1o, herramientas estad\u00edsticas. As\u00ed tambi\u00e9n en los temas relacionados al desarrollo de la estructura administrativa, roles y &hellip;<\/p>\n","protected":false},"author":1,"featured_media":0,"parent":0,"menu_order":0,"comment_status":"closed","ping_status":"closed","template":"","meta":{"footnotes":""},"class_list":["post-2988","page","type-page","status-publish","hentry"],"_links":{"self":[{"href":"https:\/\/www.amte.org.mx\/portal\/wp-json\/wp\/v2\/pages\/2988","targetHints":{"allow":["GET"]}}],"collection":[{"href":"https:\/\/www.amte.org.mx\/portal\/wp-json\/wp\/v2\/pages"}],"about":[{"href":"https:\/\/www.amte.org.mx\/portal\/wp-json\/wp\/v2\/types\/page"}],"author":[{"embeddable":true,"href":"https:\/\/www.amte.org.mx\/portal\/wp-json\/wp\/v2\/users\/1"}],"replies":[{"embeddable":true,"href":"https:\/\/www.amte.org.mx\/portal\/wp-json\/wp\/v2\/comments?post=2988"}],"version-history":[{"count":35,"href":"https:\/\/www.amte.org.mx\/portal\/wp-json\/wp\/v2\/pages\/2988\/revisions"}],"predecessor-version":[{"id":5727,"href":"https:\/\/www.amte.org.mx\/portal\/wp-json\/wp\/v2\/pages\/2988\/revisions\/5727"}],"wp:attachment":[{"href":"https:\/\/www.amte.org.mx\/portal\/wp-json\/wp\/v2\/media?parent=2988"}],"curies":[{"name":"wp","href":"https:\/\/api.w.org\/{rel}","templated":true}]}}